s the remainder when 52017400 is divided by 17339126?
22
Calculate the remainder when 653140 is divided by 832.
20
Calculate the remainder when 164663 is divided by 16452.
143
Calculate the remainder when 4211197 is divided by 1052703.
385
Calculate the remainder when 22337071 is divided by 1240943.
97
What is the remainder when 119101 is divided by 118760?
341
Calculate the remainder when 7574149 is divided by 162.
1
Calculate the remainder when 153860 is divided by 2665.
1955
What is the remainder when 451422 is divided by 225164?
1094
Calculate the remainder when 18000642 is divided by 714.
702
What is the remainder when 1998264 is divided by 309?
270
Calculate the remainder when 3191438 is divided by 23816.
94
Calculate the remainder when 42868 is divided by 239.
87
Calculate the remainder when 187276 is divided by 37440.
76
Calculate the remainder when 1495539 is divided by 93455.
259
What is the remainder when 10399577 is divided by 2079913?
12
What is the remainder when 5950403 is divided by 19967?
237
What is the remainder when 5968406 is divided by 57386?
262
What is the remainder when 11997173 is divided by 6341?
1
What is the remainder when 24132 is divided by 24129?
3
What is the remainder when 42460 is divided by 4245?
10
Calculate the remainder when 96409 is divided by 2930.
2649
What is the remainder when 428051779 is divided by 62?
59
What is the remainder when 104201 is divided by 103355?
846
Calculate the remainder when 9551952 is divided by 71819.
25
Calculate the remainder when 36368466 is divided by 3636845.
16
What is the remainder when 175431 is divided by 847?
102
What is the remainder when 10070 is divided by 485?
370
What is the remainder when 1913422 is divided by 936?
238
Calculate the remainder when 660664 is divided by 219729.
1477
Calculate the remainder when 235965766 is divided by 24.
22
What is the remainder when 20087343 is divided by 61?
43
What is the remainder when 96969235 is divided by 45?
40
What is the remainder when 96265 is divided by 431?
152
What is the remainder when 11709987 is divided by 1463747?
11
Calculate the remainder when 97021 is divided by 8815.
56
Calculate the remainder when 756265 is divided by 3125.
15
What is the remainder when 6413043 is divided by 1068757?
501
What is the remainder when 1041521 is divided by 11444?
117
What is the remainder when 27008290 is divided by 806?
36
What is the remainder when 81085047 is divided by 962?
953
Calculate the remainder when 99565069 is divided by 33188353.
10
Calculate the remainder when 572366857 is divided by 107.
103
What is the remainder when 79657 is divided by 16?
9
Calculate the remainder when 4154977 is divided by 83.
80
Calculate the remainder when 723351 is divided by 219.
213
What is the remainder when 223011602 is divided by 4892?
4890
Calculate the remainder when 50823459 is divided by 247.
245
Calculate the remainder when 398111 is divided by 99050.
1911
Calculate the remainder when 1621803 is divided by 3113.
3043
Calculate the remainder when 1266324 is divided by 97405.
59
Calculate the remainder when 170244214 is divided by 9805.
9804
Calculate the remainder when 595521 is divided by 595429.
92
What is the remainder when 2552122 is divided by 487?
242
What is the remainder when 970728 is divided by 689?
616
Calculate the remainder when 43687 is divided by 8619.
592
What is the remainder when 85089 is divided by 417?
21
What is the remainder when 6382563 is divided by 970?
933
What is the remainder when 41873148 is divided by 110?
108
What is the remainder when 2009805 is divided by 125611?
29
Calculate the remainder when 360861 is divided by 6858.
4245
Calculate the remainder when 333680 is divided by 31.
27
Calculate the remainder when 31066321 is divided by 17.
11
What is the remainder when 5732700 is divided by 63?
15
What is the remainder when 6702085 is divided by 10018?
43
Calculate the remainder when 435711 is divided by 725.
711
What is the remainder when 2203591674 is divided by 25?
24
What is the remainder when 50383 is divided by 520?
463
Calculate the remainder when 1147262 is divided by 95605.
2
Calculate the remainder when 1745390 is divided by 1820.
10
What is the remainder when 38873220 is divided by 55?
45
What is the remainder when 641554 is divided by 475?
304
What is the remainder when 181501 is divided by 3?
1
Calculate the remainder when 82345878 is divided by 39231.
9
What is the remainder when 27210630 is divided by 433?
44
What is the remainder when 9428885 is divided by 95241?
26
What is the remainder when 226519390 is divided by 24?
22
Calculate the remainder when 42166053 is divided by 182537.
6
What is the remainder when 482391 is divided by 52?
39
Calculate the remainder when 4117085 is divided by 301.
7
What is the remainder when 6974 is divided by 3407?
160
Calculate the remainder when 102858 is divided by 47422.
8014
Calculate the remainder when 13425962 is divided by 17.
8
Calculate the remainder when 78823871 is divided by 285.
281
Calculate the remainder when 21366038 is divided by 226.
224
What is the remainder when 13809863 is divided by 6904889?
85
Calculate the remainder when 2268586 is divided by 2268580.
6
What is the remainder when 12654980 is divided by 3163734?
44
What is the remainder when 76943824 is divided by 22?
12
What is the remainder when 2927478789 is divided by 14856?
14853
What is the remainder when 96875078 is divided by 19?
6
What is the remainder when 15310918 is divided by 3827724?
22
What is the remainder when 112763 is divided by 348?
11
Calculate the remainder when 64237 is divided by 1124.
169
Calculate the remainder when 55182 is divided by 3931.
148
Calculate the remainder when 16239 is divided by 3239.
44
What is the remainder when 12272 is divided by 11?
7
What is the remainder when 2048886 is divided by 82?
34
Calculate the remainder when 374941 is divided by 187368.
205
Calculate the remainder when 25305519 is divided by 501.
9
Calculate the remainder when 5478159 is divided by 465.
459
What is the remainder when 303708 is divided by 394?
328
Calculate the remainder when 7356 is divided by 1601.
952
Calculate the remainder when 114191004 is divided by 700.
4
What is the remainder when 504686 is divided by 12013?
140
What is the remainder when 68017 is divided by 7465?
832
What is the remainder when 5286282 is divided by 23812?
18
Calculate the remainder when 2164921 is divided by 14.
3
Calculate the remainder when 536148 is divided by 238.
172
Calculate the remainder when 8304904 is divided by 1186394.
146
What is the remainder when 329293452 is divided by 507?
501
Calculate the remainder when 70482 is divided by 553.
251
What is the remainder when 165796 is divided by 165481?
315
What is the remainder when 131316 is divided by 129353?
1963
What is the remainder when 2093968 is divided by 123167?
129
Calculate the remainder when 529025 is divided by 981.
266
Calculate the remainder when 5371885 is divided by 358125.
10
Calculate the remainder when 14736651 is divided by 842.
809
What is the remainder when 961586 is divided by 64104?
26
Calculate the remainder when 1526514 is divided by 763102.
310
What is the remainder when 21384518 is divided by 5346063?
266
What is the remainder when 764474 is divided by 34?
18
What is the remainder when 32697632 is divided by 4520?
4472
Calculate the remainder when 1191877 is divided by 90.
7
Calculate the remainder when 2559173 is divided by 2499.
197
What is the remainder when 2336685 is divided by 1168337?
11
Calculate the remainder when 9206427 is divided by 1525.
2
What is the remainder when 128646077 is divided by 386?
383
Calculate the remainder when 564683 is divided by 3302.
41
Calculate the remainder when 79488 is divided by 2484.
0
What is the remainder when 9560636 is divided by 1643?
19
Calculate the remainder when 191316 is divided by 2371.
1636
What is the remainder when 102182421 is divided by 46?
45
Calculate the remainder when 12735 is divided by 4906.
2923
What is the remainder when 12887743 is divided by 1885?
1883
Calculate the remainder when 679277 is divided by 113207.
35
Calculate the remainder when 732238 is divided by 17012.
722
What is the remainder when 5142836 is divided by 12574?
70
Wha